{"id":155,"date":"2017-03-22T19:43:37","date_gmt":"2017-03-22T18:43:37","guid":{"rendered":"http:\/\/ny.ringriderprogram.dk\/?page_id=155"},"modified":"2020-02-11T23:12:35","modified_gmt":"2020-02-11T22:12:35","slug":"referater-fra-generalforsamling","status":"publish","type":"page","link":"https:\/\/ringriderprogram.dk\/?page_id=155","title":{"rendered":"Referater fra generalforsamling"},"content":{"rendered":"<p><strong>SE ALLE REFERATER UNDER &#8220;SENESTE INDL\u00c6G&#8221; P\u00c5 FORSIDEN!!!\u00a0<\/strong><\/p>\n<p>&nbsp;<\/p>\n<h1>Referat af generalforsamling p\u00e5 R\u00f8de-Kro den 4. februar 2020<\/h1>\n<p><strong>\u00a0<\/strong><\/p>\n<ol>\n<li><strong> Velkomst ved formand og valg af ordstyrer<\/strong><\/li>\n<\/ol>\n<p>Formand Tanja Olesen b\u00f8d velkommen til de 56 fremm\u00f8dte, og Claus Hissel blev valgt som ordstyrer.<\/p>\n<p>&nbsp;<\/p>\n<ol start=\"2\">\n<li><strong> Formandens beretning<\/strong><\/li>\n<\/ol>\n<p>I 2019 startede \u00e5ret ligesom det plejer, med at f\u00e5 samlet og gennemg\u00e5et grogrammet inden det kunne sendes til tryk. Herefter kunne vi f\u00e5 det tjekket igennem for fejl og sidst men ikke mindst f\u00e5 dem delt ud.<\/p>\n<p>I 2019 l\u00e5 vi tidligt ud med b\u00f8rnekongeridning i T\u00f8nder. Det var en kold og bl\u00e6sende dag, men ikke desto mindre m\u00f8dte 11 forventningsfulde og sp\u00e6ndte b\u00f8rn op til vores arrangement, og efter en sp\u00e6ndende dyst kunne vi k\u00e5re Svend Aage Kjeldstr\u00f8m som \u00e5rets B\u00f8rnekonge, Lea Schulz som kronprins og Jacob Schmidt som prins. Derudover var der ogs\u00e5 placering til Louise Bonnichsen, Jonas Olesen, Sofie Petersen og Christian M. Brink. Vi havde gentaget samarbejdet med Horze Sydjylland og Land &amp; Fritid og uddelte gavekort p\u00e5 100 kr. til alle b\u00f8rneryttere der tog ring nr. 3-6-9.<\/p>\n<p>Kongeridning for de voksne blev i 2019 afholdt i forbindelse med Over Jerstal Ringriderforenings 110 \u00e5rs jubil\u00e6um. Som noget nyt stod Ringriderprogrammet alene som sponsor, da vores mange\u00e5rige sponsor Jydske Vestkysten oph\u00f8rte. Det bet\u00f8d at der for de voksne kun var pr\u00e6mier til de tre bedste, nemlig konge, kronprins og prins. Vejret var med os, for hvor s\u00e6sonen stod i bl\u00e6stens tegn, s\u00e5 var der i Over Jerstal solskinsvejr. 28 ryttere var tilmeldt dysten, hvilket m\u00e5 siges at v\u00e6re rigtig flot. Efter en flot og sp\u00e6ndende dyst kunne vi k\u00e5re Jacob Petersen som Ringriderprogrammets Konge og Hans Nicolaisen som kronprins og Anette Bonnichsen som prins. For dem der ikke var i Over Jerstal kan vi fort\u00e6lle, at vi havde valgt at s\u00e6tte \u201doverliggeren\u201d p\u00e5 jorden mellem de to kongegalger, hvilket vi synes fungerede rigtig godt.<\/p>\n<p>I forbindelse med vores to afholdte arrangementer, skal der lyde en stor tak til T\u00f8nder Ringriderkorps og Over Jerstal Ringriderforening for samarbejdet omkring afholdelsen af vores kongeridninger. Derudover skal der ogs\u00e5 lyde en stor tak til Viola Schulz for at v\u00e6re behj\u00e6lpelig med at levere de flotte kranse, samt tak til alle de frivillige der hj\u00e6lper os. Desuden skal der ogs\u00e5 lyde en stor tak til JL Skilte i Toftlund for sponsorering af Ringriderprogrammets nye overligger.<\/p>\n<p>I den sammenh\u00e6ng kan jeg oplyse, at Kongeridning for voksne i \u00e5r afholdes i samarbejde med L\u00f8gumkloster Ringriderforening og Kongeridning for b\u00f8rn afholdes sammen med Christiansfeld-Fr\u00f8rup Ringriderforening. Da det endnu ikke er lykkedes at finde en ny sponsor, forts\u00e6tter vi som sidste \u00e5r, med tre pr\u00e6mier hos de voksne og max 7 pr\u00e6mier hos b\u00f8rnene.<\/p>\n<p>Vi bruger i forbindelse med kongeridningerne rigtig meget tid p\u00e5 at finde ud af, hvem der kan deltage. For at lette dette arbejde, har vi i bestyrelsen besluttet, af for at man kan deltage i kongeridningen, s\u00e5 skal den forening hvor man er blevet konge have en annonce i ringriderprogrammet OG kongen skal fremg\u00e5 af resultatlisten bagerst i programmet. P\u00e5 den m\u00e5de sikrer vi, at dem der bidrager til programmet ogs\u00e5 er dem der kan f\u00e5 deres konge med i dysten.<\/p>\n<p>&nbsp;<\/p>\n<p>Som noget nyt i \u00e5r, har vi i bestyrelsen valgt, selv at st\u00e5 for den grafiske ops\u00e6tning af det kommende ringriderprogram. Vores opfordring til Jer er derfor, at I f\u00e5r f\u00e6rdiggjort jeres annoncer i god tid. Det er nemlig rigtig vigtigt for os, at i overholder deadline for aflevering af annoncerne, s\u00e5 vi har materialet senest til vores generalforsamling. Det er udelukkende for, at vi har den n\u00f8dvendige tid til at s\u00e6tte det sammen, og s\u00e5 vi kan f\u00e5 programmet ud til Jer i god tid inden s\u00e6sonstart.<\/p>\n<p>Vi skal aflevere materiale til tryk den 21. februar, og vi har derfor brug for, at ALLE annoncer er indsendt senest fredag den 14. februar.<\/p>\n<p>&nbsp;<\/p>\n<p>Igen i \u00e5r, er vi n\u00f8d til at komme med det samme budskab som tidligere \u00e5r. For at vi kan have en forening som vores, er det vigtigt for os, at foreningerne f\u00e5r betalt deres regning. S\u00e5 ligesom sidste \u00e5r, vil jeg gerne opfordre til, at foreningerne bliver opm\u00e6rksom p\u00e5 opkr\u00e6vningen der kommer i forbindelse med uddelingen af ringriderprogrammerne. Vi bruger en hel del tid p\u00e5 at f\u00f8lge op p\u00e5 manglende betalinger, og vi har derfor set os n\u00f8dsaget til at lave f\u00f8lgende regler, hvis ikke foreningerne betaler sin regning: Man vil ud over det skyldige bel\u00f8b blive p\u00e5lagt at betale et rykkergebyr + betaling forud for det kommende \u00e5r. G\u00f8r man ikke det, kan foreningen ikke f\u00e5 sin annonce med i programmet.<\/p>\n<p>Der skal dog ogs\u00e5 lyde en stor ros til de foreninger, der betalte deres regning allerede f\u00f8r programmerne var delt ud.<\/p>\n<p>&nbsp;<\/p>\n<p>Til sidst vil vi gerne takke alle Jer, som bakker op om Ringriderprogrammet. B\u00e5de annonc\u00f8rer, jer som hj\u00e6lper til vores arrangementer og Jer som er behj\u00e6lpelige med at levere resultater og billeder fra s\u00e6sonens ringridninger. Derudover skal den st\u00f8rste tak lyde til bestyrelsen for det store arbejde i har ydet i det forgangne \u00e5r \u2013 i knokler og det er jeg taknemmelig for.<\/p>\n<p>S\u00e5 tak for 2019, jeg h\u00e5ber 2020 bliver mindst liges\u00e5 godt.<\/p>\n<p><strong>\u00a0<\/strong><\/p>\n<ol start=\"3\">\n<li><strong> Kassererens regnskab<\/strong><\/li>\n<\/ol>\n<p>I 2019 havde vi indt\u00e6gter for 52.118,50 kroner og udgifter for 50.859,50 kroner. Det bet\u00f8d et overskud p\u00e5 1.259 kroner. Formuen pr. 31.12.2019 l\u00f8d p\u00e5 62.890,19 kroner. Alle pengene stod i Nordea.<\/p>\n<p>Der blev stillet sp\u00f8rgsm\u00e5l til to poster:<\/p>\n<p>Diverse indt\u00e6gter p\u00e5 9.750 kroner: Ringriderprogrammet har modtaget et sponsorat i forbindelse med indk\u00f8bet af et nyt kamera.<\/p>\n<p>Investeringer p\u00e5 8.633,80 kroner: Ringriderprogrammet har som n\u00e6vnt investeret i et nyt kamera, men pengene hertil er modtaget som et sponsorat.<\/p>\n<p>&nbsp;<\/p>\n<ol start=\"4\">\n<li><strong> Valg til bestyrelsen<\/strong><\/li>\n<\/ol>\n<p>F\u00f8lgende var p\u00e5 valg: Tanja Olesen og Mette Beyer Junker. Begge modtog genvalg og blev genvalgt.<\/p>\n<p>Valg af suppleant, her var Finn Gundersen p\u00e5 valg og han modtog genvalg.<\/p>\n<ol start=\"5\">\n<li><strong> Valg af revisor<\/strong><\/li>\n<\/ol>\n<p>Mogens Andersen var p\u00e5 valg og modtog genvalg.<\/p>\n<p>&nbsp;<\/p>\n<ol start=\"6\">\n<li><strong> Eventuelt <\/strong><\/li>\n<\/ol>\n<p>&#8211; Der blev ytret \u00f8nske om, at foreningerne laver ens regler for, om der m\u00e5 s\u00e6ttes h\u00f8jde ved kongeomridning s\u00e5vel som ved det \u00f8vrige omridning, s\u00e5ledes at det er ens for alle uanset antal ringe.<\/p>\n<p>&#8211; Augustenborg Ringriderforening fortalte om deres bes\u00f8g af Ole Henriksen i 2019. Der blev lavet en udsendelse, som blev vist i fjernsynet, og som gav sporten lidt landsd\u00e6kkende reklame.<\/p>\n<p>&#8211; Over Jerstal Ringriderforening takkede bestyrelsen for samarbejdet omkring kongeridningen i 2019, og opfordrede andre foreninger til at st\u00f8tte op, og byde ind i forhold til afholdelsen.<\/p>\n<p>&#8211; Ringriderprogrammets bestyrelse opfordrer til, at de foreninger der f\u00e5r tildelt kongeridningen er opm\u00e6rksom p\u00e5, at det kan v\u00e6re n\u00f8dvendigt at \u00e6ndre i tidsplanen, da arrangementerne hurtigt kan skubbe tidsplanen.<\/p>\n<p>&#8211; Afslutningsvis blev alle de kendte datoer for s\u00e6sonens ringridninger gennemg\u00e5et, og formanden takkede endnu engang for fremm\u00f8det, og \u00f8nskede alle en god ringriders\u00e6son.<\/p>\n<p>&nbsp;<\/p>\n<p>&nbsp;<\/p>\n","protected":false},"excerpt":{"rendered":"<p>SE ALLE REFERATER UNDER &#8220;SENESTE INDL\u00c6G&#8221; P\u00c5 FORSIDEN!!!\u00a0 &nbsp; Referat af generalforsamling p\u00e5 R\u00f8de-Kro den 4. februar 2020 \u00a0 Velkomst ved formand og valg af ordstyrer Formand Tanja Olesen b\u00f8d velkommen til de 56 fremm\u00f8dte, og Claus Hissel blev valgt som ordstyrer. &nbsp; Formandens beretning I 2019 startede \u00e5ret ligesom det plejer, med at f\u00e5 &hellip; <a href=\"https:\/\/ringriderprogram.dk\/?page_id=155\" class=\"more-link\">L\u00e6s videre<span class=\"screen-reader-text\"> &#8220;Referater fra generalforsamling&#8221;<\/span><\/a><\/p>\n","protected":false},"author":4,"featured_media":0,"parent":0,"menu_order":0,"comment_status":"closed","ping_status":"closed","template":"","meta":{"footnotes":""},"class_list":["post-155","page","type-page","status-publish","hentry"],"_links":{"self":[{"href":"https:\/\/ringriderprogram.dk\/index.php?rest_route=\/wp\/v2\/pages\/155","targetHints":{"allow":["GET"]}}],"collection":[{"href":"https:\/\/ringriderprogram.dk\/index.php?rest_route=\/wp\/v2\/pages"}],"about":[{"href":"https:\/\/ringriderprogram.dk\/index.php?rest_route=\/wp\/v2\/types\/page"}],"author":[{"embeddable":true,"href":"https:\/\/ringriderprogram.dk\/index.php?rest_route=\/wp\/v2\/users\/4"}],"replies":[{"embeddable":true,"href":"https:\/\/ringriderprogram.dk\/index.php?rest_route=%2Fwp%2Fv2%2Fcomments&post=155"}],"version-history":[{"count":6,"href":"https:\/\/ringriderprogram.dk\/index.php?rest_route=\/wp\/v2\/pages\/155\/revisions"}],"predecessor-version":[{"id":261,"href":"https:\/\/ringriderprogram.dk\/index.php?rest_route=\/wp\/v2\/pages\/155\/revisions\/261"}],"wp:attachment":[{"href":"https:\/\/ringriderprogram.dk\/index.php?rest_route=%2Fwp%2Fv2%2Fmedia&parent=155"}],"curies":[{"name":"wp","href":"https:\/\/api.w.org\/{rel}","templated":true}]}}