{"id":30,"date":"2017-03-15T12:47:20","date_gmt":"2017-03-15T11:47:20","guid":{"rendered":"http:\/\/ny.ringriderprogram.dk\/?page_id=30"},"modified":"2026-02-24T11:24:47","modified_gmt":"2026-02-24T10:24:47","slug":"forside","status":"publish","type":"page","link":"https:\/\/ringriderprogram.dk\/","title":{"rendered":"Datoer for ringridninger i 2026 er nu tilg\u00e6ngelig via linket i h\u00f8jre side."},"content":{"rendered":"\n<p><\/p>\n\n\n<\/p>\n<h2>Kongelige ved B\u00f8rnekongeridning 2025 i L\u00f8jt <img loading=\"lazy\" decoding=\"async\" class=\"alignnone size-full wp-image-597\" src=\"https:\/\/ringriderprogram.dk\/wp-content\/uploads\/2025\/08\/Kongelige-boern.jpg\" alt=\"\" width=\"2048\" height=\"1365\" srcset=\"https:\/\/ringriderprogram.dk\/wp-content\/uploads\/2025\/08\/Kongelige-boern.jpg 2048w, https:\/\/ringriderprogram.dk\/wp-content\/uploads\/2025\/08\/Kongelige-boern-300x200.jpg 300w, https:\/\/ringriderprogram.dk\/wp-content\/uploads\/2025\/08\/Kongelige-boern-1024x683.jpg 1024w, https:\/\/ringriderprogram.dk\/wp-content\/uploads\/2025\/08\/Kongelige-boern-768x512.jpg 768w, https:\/\/ringriderprogram.dk\/wp-content\/uploads\/2025\/08\/Kongelige-boern-1536x1024.jpg 1536w, https:\/\/ringriderprogram.dk\/wp-content\/uploads\/2025\/08\/Kongelige-boern-1200x800.jpg 1200w\" sizes=\"auto, (max-width: 709px) 85vw, (max-width: 909px) 67vw, (max-width: 1362px) 62vw, 840px\" \/><\/h2>\n<p>Kronprins Chrestine Schmidt, konge Nikolai Nielsen og prins Ida M\u00f8ller<\/p>\n<h2>Kongelige ved Kongeridning 2025 i Hellevad<\/h2>\n<p style=\"text-align: center;\"><img loading=\"lazy\" decoding=\"async\" class=\"alignnone size-full wp-image-592\" src=\"https:\/\/ringriderprogram.dk\/wp-content\/uploads\/2025\/07\/att.2gR7GGICZyKYReoiXqqGlPZjIuOpjcLAqkUDj1r2-ck.jpg\" alt=\"\" width=\"1536\" height=\"2048\" srcset=\"https:\/\/ringriderprogram.dk\/wp-content\/uploads\/2025\/07\/att.2gR7GGICZyKYReoiXqqGlPZjIuOpjcLAqkUDj1r2-ck.jpg 1536w, https:\/\/ringriderprogram.dk\/wp-content\/uploads\/2025\/07\/att.2gR7GGICZyKYReoiXqqGlPZjIuOpjcLAqkUDj1r2-ck-225x300.jpg 225w, https:\/\/ringriderprogram.dk\/wp-content\/uploads\/2025\/07\/att.2gR7GGICZyKYReoiXqqGlPZjIuOpjcLAqkUDj1r2-ck-768x1024.jpg 768w, https:\/\/ringriderprogram.dk\/wp-content\/uploads\/2025\/07\/att.2gR7GGICZyKYReoiXqqGlPZjIuOpjcLAqkUDj1r2-ck-1152x1536.jpg 1152w, https:\/\/ringriderprogram.dk\/wp-content\/uploads\/2025\/07\/att.2gR7GGICZyKYReoiXqqGlPZjIuOpjcLAqkUDj1r2-ck-1200x1600.jpg 1200w\" sizes=\"auto, (max-width: 709px) 85vw, (max-width: 909px) 67vw, (max-width: 1362px) 62vw, 840px\" \/>Kronprins Caroline Kolmos, konge Yvonne Appel og prins Christian Thomsen\u00a0<\/p>\n\n\n<p><\/p>\n\n\n\n<h2 class=\"wp-block-heading\"><\/h2>\n","protected":false},"excerpt":{"rendered":"<p>Kongelige ved B\u00f8rnekongeridning 2025 i L\u00f8jt Kronprins Chrestine Schmidt, konge Nikolai Nielsen og prins Ida M\u00f8ller Kongelige ved Kongeridning 2025 i Hellevad Kronprins Caroline Kolmos, konge Yvonne Appel og prins Christian Thomsen\u00a0<\/p>\n","protected":false},"author":4,"featured_media":0,"parent":0,"menu_order":0,"comment_status":"closed","ping_status":"closed","template":"","meta":{"footnotes":""},"class_list":["post-30","page","type-page","status-publish","hentry"],"_links":{"self":[{"href":"https:\/\/ringriderprogram.dk\/index.php?rest_route=\/wp\/v2\/pages\/30","targetHints":{"allow":["GET"]}}],"collection":[{"href":"https:\/\/ringriderprogram.dk\/index.php?rest_route=\/wp\/v2\/pages"}],"about":[{"href":"https:\/\/ringriderprogram.dk\/index.php?rest_route=\/wp\/v2\/types\/page"}],"author":[{"embeddable":true,"href":"https:\/\/ringriderprogram.dk\/index.php?rest_route=\/wp\/v2\/users\/4"}],"replies":[{"embeddable":true,"href":"https:\/\/ringriderprogram.dk\/index.php?rest_route=%2Fwp%2Fv2%2Fcomments&post=30"}],"version-history":[{"count":98,"href":"https:\/\/ringriderprogram.dk\/index.php?rest_route=\/wp\/v2\/pages\/30\/revisions"}],"predecessor-version":[{"id":613,"href":"https:\/\/ringriderprogram.dk\/index.php?rest_route=\/wp\/v2\/pages\/30\/revisions\/613"}],"wp:attachment":[{"href":"https:\/\/ringriderprogram.dk\/index.php?rest_route=%2Fwp%2Fv2%2Fmedia&parent=30"}],"curies":[{"name":"wp","href":"https:\/\/api.w.org\/{rel}","templated":true}]}}